3*s - 870. Suppose -x*b = -9*b + s. List the prime factors of b.
29
Suppose 2*g + 3*w = 281, g = -w + 108 + 35. Let z = 248 - g. What are the prime factors of z?
2, 5
Let a be (-2)/(4/(-114)) - 0. Let f be (-20)/15*(-132)/(-8). Let g = a + f. What are the prime factors of g?
5, 7
Let j(h) = 7*h**2 - 19*h - 20. Let f(q) = 32*q**2 - 77*q - 80. Let y(z) = -2*f(z) + 9*j(z). Let b = 32 - 47. List the prime factors of y(b).
2, 5
Let q(m) = -3*m**2 + 17*m - 13. Let h(b) = 3*b**2 - 18*b + 14. Let d(a) = -4*h(a) - 5*q(a). List the prime factors of d(8).
97
Let g = 70 + -72. List the prime factors of (2/(8/214))/((-1)/g).
107
Let u be -3 + (21 - 5)*-1. Let v = 154 + u. What are the prime factors of v?
3, 5
Let f be 12/(-42) + 164/(-14). Let d be ((-4)/(-8))/((-2)/f). Suppose 3*l = 2*k - 118, -d*l = 2*k - 132 + 38. What are the prime factors of k?
53
Suppose -4*d = -3*s + 20, 3*s - 6 = d + 8. Let p(t) = 1 + t + s*t + 2 + t. List the prime factors of p(2).
3, 5
Suppose 10*p + 12*p = 3036. What are the prime factors of p?
2, 3, 23
Suppose -57*b - 6925 = -61*b - 3*j, -5*b + 8665 = -5*j. What are the prime factors of b?
2, 433
Let n = 242 + 1441. What are the prime factors of n?
3, 11, 17
Suppose 7*p + 23*p = 109320. List the prime factors of p.
2, 911
Let m(a) be the second derivative of -a**6/360 + a**5/24 + 7*a**4/6 + 14*a. Let s(t) be the third derivative of m(t). List the prime factors of s(-21).
47
Let y be (0 + 1)/(2/6). Let c be 2/5 + (-36)/(-10). Suppose 0 = y*m - 5*q - 35, 3*q = -c*m - q + 4. List the prime factors of m.
5
Suppose 904 = 2*k + 2*o - 0*o, 1806 = 4*k + 2*o. List the prime factors of k.
11, 41
Suppose 11*f - 9*f = 136. Let o = f - -91. What are the prime factors of o?
3, 53
Suppose 0 = -3*y + 3*d + 11520, -5113 = -2*y - 4*d + 2543. What are the prime factors of y?
2, 7, 137
Suppose 0 = -0*l - l. Let u(m) = -5*m**3 + m**2 - 36. Let f(o) = -4*o**3 + o**2 - 34. Let k(q) = -6*f(q) + 5*u(q). List the prime factors of k(l).
2, 3
Let t = 1696 + -1130. What are the prime factors of t?
2, 283
Let f = 32 + -33. What are the prime factors of (-246)/3*f + 4?
2, 43
Let l be (-324)/78 - 4/(-26). Let z be 7 + l - 356/(-2). Suppose -2*b + 0*f + 2*f = -78, -5*b - 2*f = -z. List the prime factors of b.
37
Let x(n) = n**2 - 23*n - 156. List the prime factors of x(-16).
2, 3, 13
Let p be 26 + (-8 - -7)*(-1 - 0). Suppose 3*m + 3*j = 18 + p, -3*m + 4*j + 31 = 0. List the prime factors of m.
13
Let q be (0 + 1)*3 + -6 + 2. What are the prime factors of 1 - 8/2*q*34?
137
Suppose 2*z = 4*l + 3*z, 2*z = -3*l. Suppose l = -3*r, 0*d - 116 = -2*d - 4*r. What are the prime factors of d?
2, 29
Let d(m) = -15*m + 7*m + 14*m - 49. List the prime factors of d(20).
71
Let l = -343 + 708. List the prime factors of l.
5, 73
Let z = -596 - -1853. List the prime factors of z.
3, 419
Suppose 5*i - 4370 = 5*m - 2*m, 0 = 2*m. What are the prime factors of i?
2, 19, 23
Let w(c) = -c**2 + 42*c + 32. List the prime factors of w(38).
2, 23
Let d = 197 + -162. List the prime factors of d.
5, 7
Let q(y) = y**2 - 6*y. Let g be q(6). Suppose -4*t + 5*t - 16 = g. Suppose 2*p - 42 = -2*u - p, 4*p - t = 0. What are the prime factors of u?
3, 5
Suppose 5*s - 3995 = -5*x, -4*s + 809 = x - 5*s. List the prime factors of x.
2, 3, 67
Let m(a) = -a - 1. Let r be m(3). Let l(g) = g + 10. List the prime factors of l(r).
2, 3
Suppose -9252 = -2*i + x, -4*i + 7569 = -3*x - 10937. List the prime factors of i.
5, 37
What are the prime factors of (231/(-14))/((-6545)/(-1640) - 4)?
2, 11, 41
Let s(k) = k**3 + 0*k**3 + 19 - 5*k**2 - 11*k - 15*k**2. Let b(z) = z**3 - 19*z**2 - 12*z + 18. Let i(f) = 5*b(f) - 4*s(f). List the prime factors of i(16).
2, 7
Let u = -28 - -40. Let d = -10 + u. Suppose d*w = w + 14. List the prime factors of w.
2, 7
Suppose -5*p - 1277 = 4*g + 8251, -4*p + 2*g = 7638. Let u be p/(-90) - 1/5. Suppose 5*z - 221 = -u. What are the prime factors of z?
2, 5
Let g(x) = -6*x + 74. Let f be g(12). What are the prime factors of 1324/20 - (f + (-18)/10)?
2, 3, 11
Let k(n) = 314*n**2 - 2*n + 2. What are the prime factors of k(1)?
2, 157
Suppose 122*c - 9360 = 110*c. List the prime factors of c.
2, 3, 5, 13
Let q(n) = -n**3 - 12*n**2 - 13*n + 8. Suppose 4 = r + 15. Let j be q(r). List the prime factors of (56/10)/(6/j).
2, 7
Suppose -1 = -u + 3*a, -3*a = 2*u + 2*a - 24. Let m(i) = u - 1 + 10*i - 42*i**2 + 41*i**2. What are the prime factors of m(9)?
3, 5
Let r(z) = 1089*z - 145. What are the prime factors of r(2)?
19, 107
Let y be ((-6)/3 + 3)*3. Suppose y*g = g + 10. Suppose g*o - 3*s = 66, -4*o - 2*s = s - 42. List the prime factors of o.
2, 3
Let g = 307 - 72. List the prime factors of g.
5, 47
Suppose -71 = -4*c - 3. List the prime factors of c/(2/6 + 0).
3, 17
Let t(l) = -l**3 - l**2 - 2*l + 1496. List the prime factors of t(0).
2, 11, 17
Suppose -2*f - 4 = -4*k + 2*f, -3*k + 4*f = 0. Suppose 2*c - k*c = -302. List the prime factors of c.
151
Suppose -168 - 66 = -3*r. Suppose 6*n - 138 - r = 0. What are the prime factors of n?
2, 3
Let v = 2614 + 1967. List the prime factors of v.
3, 509
Suppose -4*l = -3*i + 2808, -5*i + 10*l = 5*l - 4675. List the prime factors of i.
2, 233
Let k(w) = w**3 - 4*w**2 + 13*w - 17. List the prime factors of k(8).
7
Suppose -3*h = -12, 5*v + 15 = 4*h - 1. Suppose v = -0*j - 3*j. List the prime factors of (j + 66)*(-1)/(-3).
2, 11
Let d be -10 - (10/(-15))/((-6)/(-9)). What are the prime factors of (2 + 18)/(d/(1035/(-10)))?
2, 5, 23
Suppose -5*j + 1103 + 422 = 2*l, -2*j = 4*l - 594. List the prime factors of j.
307
Suppose 47 = -3*z + 5*t, t = 2*z + z + 31. Let m(b) = -b**3 - 9*b**2 - 10*b - 12. List the prime factors of m(z).
2, 3, 13
Let q(w) = 6*w**2 - 7*w - 7. Let n(l) = -7*l**2 + 7*l + 7. Let p(y) = -5*n(y) - 6*q(y). Let c(d) = -8*d - 11. Let k be c(-2). List the prime factors of p(k).
17
Let k(l) = 66*l + 4. Let b be k(-3). Let s = -66 - b. Suppose -3*f + 5*y = -s, 2*y = 6*y - 20. List the prime factors of f.
3, 17
Suppose 0*w + 381 = w + 5*n, 5*w = -2*n + 2020. What are the prime factors of w?
2, 7, 29
Let d(i) = -i**3 - 7*i**2 + 7*i - 9. Let l be d(-8). Let m be l/(-2) + 37/2. Let q = m - -2. List the prime factors of q.
3, 7
Let j(i) = -4 - 22 - 29*i - 11*i + 25*i. What are the prime factors of j(-8)?
2, 47
Suppose f = 3*u + u + 8, 0 = 4*f - u - 32. Suppose 3*j - 7 - f = 0. Suppose o - 4*q + 4 = -0*o, j*q = 15. List the prime factors of o.
2
Suppose 0 = -154*t + 153*t + 5*v + 1176, 2*t - 2407 = -v. What are the prime factors of t?
1201
Suppose -2*v - 3*v = -55. Let l(t) = t**3 - 11*t**2 + t + 1. Let x be l(v). Let w = x + 14. List the prime factors of w.
2, 13
Let y = 6 - 11. Let c = 7 - y. Let p = 31 - c. List the prime factors of p.
19
Let y = 100 - 109. What are the prime factors of (-3 + 76)/(y/(-27))?
3, 73
Suppose -t - 7746 = -6*m + 3*m, -3*m = -2*t - 7743. What are the prime factors of m?
3, 7, 41
Let s(i) = -6*i**3 - i**2 - i - 1. Let g be s(-1). Let k(a) = 11*a**2 - 12*a**2 + 6 - 4 + 6*a. List the prime factors of k(g).
7
Suppose -p - 4*n + 867 = 0, p = -n + 447 + 408. What are the prime factors of p?
23, 37
List the prime factors of 3262/1 + 4/(-4 + 6).
2, 3, 17
Let m be ((-16)/(-6))/(3/9). Suppose -552 = -m*d + 232. What are the prime factors of d?
2, 7
Suppose -28*c + 32*c - 1508 = 0. What are the prime factors of c?
13, 29
Let g(k) = 2*k**2 - 5*k + 1. Let i be g(3). Suppose -44 = -u - 0*q + 4*q, -i*u + 101 = -q. List the prime factors of u.
2, 3
Suppose -4*u + 134 = q, -u + 134 = -2*q + 3*q. Let w = -70 + q. List the prime factors of w.
2
Suppose -18 + 38 = 5*c. Suppose -3*m + 5 + 128 = c*u, -4*u = 20. What are the prime factors of m?
3, 17
Suppose 5*z = -4*w + 5242 + 5876, -4*z + 8907 = -w. List the prime factors of z.
2, 3, 7, 53
List the prime factors of (42980/21)/(22/33).
2, 5, 307
Let w(u) be the first derivative of 8*u**3/3 + 4*u**2 + 12*u + 23. List the prime factors of w(-4).
2, 3
Let i = -1284 + 1818. What are the prime factors of i?
2, 3, 89
Let k(t) be the first derivative of t**4/4 - 2*t**3 - 5*t**2/2 - 10*t + 9. Let n be k(7). Suppose n*w - 2*w - 98 = 0. List the prime factors of w.
7
Suppose 4*r + 498 = 2*d, -2*d + 185 = 2*r - 325. List the prime factors of d.
11, 23
Suppose -7*n - 24 + 31 = 0. Suppose -w = -8 -